 = 0. Let v(o) = 4*o**2 + 2*o - 2. Calculate the remainder when v(5) is divided by w(z).
20
Let n be 319/(-58) + 2/(-4). Let p(y) = -48*y - 29. Calculate the remainder when p(n) is divided by 65.
64
Calculate the remainder when ((-1206)/(-12))/((-1)/(-2)) is divided by 37.
16
Let w be (-12)/(-4) + (-2)/(-2). Let x be w/(-26) - (-2)/13. Suppose x = q + 3*d - 12, d = -4*q + 3*d + 76. What is the remainder when 88 is divided by q?
16
Let g = -74 - -81. Let x be (14/g)/(2/37). Let t = -3 + x. What is the remainder when t is divided by 19?
15
Let x(u) = u**2 + 16*u + 64. Let w be x(-10). Calculate the remainder when 66 is divided by 13 - (-6)/(6*1/w).
15
Let f(z) = -z + 6. Let s be f(3). Suppose -5*n + 5*t + 265 = 0, -191 = -s*n + t - 6*t. Suppose 5*k - 48 = 2*k. Calculate the remainder when n is divided by k.
9
Let s = 8687 - 8681. Let g(o) = 24*o - 7. What is the remainder when g(2) is divided by s?
5
Let u(h) be the second derivative of 5*h**4/6 - 55*h**3/6 - 7*h**2/2 - 83*h. Calculate the remainder when 43 is divided by u(6).
20
Let m(u) = -9*u**2 + 0 + 68*u - 124*u + u**3 + 71*u - 28. Calculate the remainder when 96 is divided by m(8).
12
Suppose q - 213 = -10. Let u be 5 + q/(-63) + 4/18. Suppose -u - 22 = -2*w. What is the remainder when 21 is divided by w?
9
Let v = 50 + -53. Let c(k) = 549*k**2 - 2*k - 3. Let w be c(-1). What is the remainder when 90 is divided by (-1)/(w/184 + v)?
44
Suppose 0 = 24*z - 2518 - 9794. What is the remainder when z is divided by 34?
3
Suppose 896 = 14*z - 10*z. Suppose 0*v - v + g = -48, 4*v = -4*g + z. What is the remainder when v is divided by 11?
8
Let q = -45 - -15. Let s = 1166 - 1163. What is the remainder when 48 is divided by (q/(-18) + s)/(2/3)?
6
What is the remainder when (117/(-36)*-296)/(3 - 1) is divided by 54?
49
What is the remainder when 2034/42*12/36*7 is divided by (58/(-4))/((-2)/4)?
26
Let h = -24 + 33. Let t = -14 + 30. Let j = 38 - t. What is the remainder when j is divided by h?
4
Let c = -68 + 174. Let f be 15/3 - 7/((-7)/169). Suppose -5*a + 4*x + 189 = 0, -4*a - 5*x - 31 = -f. Calculate the remainder when c is divided by a.
32
Let v = -4585 - -4605. Calculate the remainder when 3639 is divided by v.
19
Let y(t) = -20*t - 40. Let q be y(-29). Suppose q = 9*j + 27*j. What is the remainder when 57 is divided by j?
12
Suppose 600 = 25*f - 13*f. Calculate the remainder when 210 is divided by f.
10
Let z be -3 - (1 + -21 + 5). Suppose -z*v = -24*v + 1956. What is the remainder when v is divided by 49?
16
Let q = -20 + 27. Suppose -5*g = -q*g + z + 86, -3*g - 4*z = -151. What is the remainder when 64 is divided by 1*3 - -1 - (g + -64)?
18
Suppose 4*i + 1 = 9, -148 = -n + 5*i. Let d = -21 + 13. Calculate the remainder when n is divided by (d/(-16))/((-2)/(-160)).
38
Suppose 14*t - 329 = -24*t + 165. Calculate the remainder when 245/4 - (-7)/(-28) is divided by t.
9
Let p(l) = 21 + 32*l + l**3 + 8*l**2 - 60*l + 12*l. What is the remainder when p(-9) is divided by 44?
40
Suppose n = 2*h + 228, h + 3*n - 2*n + 117 = 0. Let m = h + 120. Suppose m*y - 4*q = 79, -2*q = -y - q + 16. Calculate the remainder when y is divided by 8.
7
Let v(i) = i**2 + 17*i - 6. Let w be v(-17). Calculate the remainder when 64 is divided by 92/(-16)*24/w.
18
Calculate the remainder when 658 is divided by (-938)/(-10)*15/36 + 7/(-84).
34
Let b = -1945 - -2096. Calculate the remainder when 410 is divided by b.
108
Suppose 22*t = -11*t + 957. Let i = 199 + -91. Calculate the remainder when i is divided by t.
21
Let s = 993 + -928. What is the remainder when 779 is divided by s?
64
Calculate the remainder when (-30)/(-36)*((-12)/2 + 84) is divided by 18.
11
Let s = 87 - 19. Let x(o) = o**3 + 4*o**2 - 10*o + 20. Let m(d) = -d**3 - 6*d**2 - 13*d - 16. Let f be m(-2). What is the remainder when s is divided by x(f)?
4
Let h be ((-146)/5)/(4*5/100). Let g = -104 - h. What is the remainder when g is divided by 29?
13
Let g be (-1)/(-3) - (-10)/6. Suppose -2*f + 88 = -g. Calculate the remainder when f is divided by 12.
9
Calculate the remainder when 529 is divided by (-31)/(-155)*386/6 - 6/(-45).
9
Suppose -4*f = 5*j - 70, 5*f = -60*j + 64*j + 67. Let w(y) = 345*y**2 + 2*y + 1. Calculate the remainder when w(-1) is divided by f.
14
Let q(h) = 46*h - 125. Let a be q(11). Let z = a + -264. Calculate the remainder when z is divided by 31.
24
Let p(l) = 8*l**2 + 516*l + 424. Calculate the remainder when p(-65) is divided by 41.
28
Suppose 4*h + 0*h = -28. Let u(b) = 12*b - 4. Let j(v) = -9*v + 5. Let r(c) = -5*j(c) - 4*u(c). What is the remainder when 59 is divided by r(h)?
11
Let x = -61 - -63. Suppose -x*f = -3*f + 28. Suppose 3*u - 2*k - 28 = 0, 5*k + f = u + 3*u. Calculate the remainder when 95 is divided by u.
11
Suppose -4*v = -4*c - 784, -78 - 114 = -v - 3*c. Calculate the remainder when 422 is divided by v.
32
Let d = -106 - -103. Calculate the remainder when -2 + (-162)/d - (-4 - -5) is divided by 13.
12
Suppose 249*t + 5365 = 286*t. Calculate the remainder when 285 is divided by t.
140
Let x(n) = -n**3 - n**2 - 4*n - 7. Let t be x(-2). Suppose 3*k = -2*r - 13 + 4, 5 = -t*r - 4*k. What is the remainder when 64 is divided by r?
1
Let h(v) = v**3 - 6*v**2 + v + 6. Let w(x) = 2*x**3 - 19*x**2 - 9*x + 397. Calculate the remainder when w(9) is divided by h(6).
7
Let q(g) = -g**2 - 12*g + 3. Let a be q(-13). Let f = a + -282. Calculate the remainder when 103 is divided by 9/(-6) + (f/(-8))/1.
33
Let r(f) = 3*f - 2. What is the remainder when 350*(-47)/(-658) + 23 is divided by r(4)?
8
Calculate the remainder when 6362*4/6 + (-43 + 16)/81 is divided by 101.
100
Let p = -348 + 400. Calculate the remainder when 2230 is divided by p.
46
Suppose -370 = -t + 2*p, 17*t - 16*t + 5*p - 356 = 0. Calculate the remainder when t is divided by 115.
21
Let t = 40 + -29. Suppose 63 + t = j. Let p = 68234 + -68208. What is the remainder when j is divided by p?
22
Let z(i) = -741*i - 4343. Suppose 2*x = 24 + 52. Suppose x + 25 = 3*a. What is the remainder when z(-6) is divided by a?
19
Let i be (-3 - 0/2)/(-1). Calculate the remainder when (129/12)/(i/24) is divided by (-1 + (-11)/(-22))/(130/44 + -3).
9
Suppose -4*b - 3362 = -9*b - 2*o, -b + o = -664. Calculate the remainder when b is divided by 6.
4
Let n be -5 - 0 - (-10 - -9). Let i be 4 - 1/(3 + n). Suppose w + 5*r = 73, -w + i*r + 29 = -4. Calculate the remainder when w is divided by 9.
8
Let x = 19830 - 18304. Calculate the remainder when x is divided by 153.
149
Suppose 81*p + 18273 = 44598. Calculate the remainder when 2271 is divided by p.
321
Suppose 12 + 15 = 9*n. What is the remainder when 63 is divided by -5 - ((-78)/6 - n)?
8
Let d(i) = -i**3 + 27*i**2 - 10*i + 213. Suppose 4*l + 4*g - 4 = 0, 0*l - 22 = -2*l + 3*g. What is the remainder when d(0) is divided by l?
3
What is the remainder when 795 is divided by 75/50*(-200)/(-15)?
15
Let z(d) = 31*d**2 - 13*d - 11. What is the remainder when z(-1) is divided by 13?
7
Suppose 0 = -245*f + 421805 + 805400. What is the remainder when f is divided by 334?
333
Suppose -2*w + 5*a = -290, 4*w + 2*a - 256 - 324 = 0. Calculate the remainder when w is divided by 31.
21
Suppose 8*l - 488 = -0*l. Let v = l + -58. Suppose 0 = -v*u + 3*q + 39, 5*q - 1 = 9. Calculate the remainder when 73 is divided by u.
13
What is the remainder when (-1370)/(-3)*((-5915)/(-4186) + 2/23) is divided by 5?
0
Suppose 4*j = 5*k - 90, 460*j = 2*k + 455*j - 53. Calculate the remainder when 82 is divided by k.
12
Suppose 15*g = -2*l + 16*g + 137, l - 70 = -g. Calculate the remainder when 157 is divided by l.
19
Let m(i) = 124*i - 4. Suppose 0*w - 2*j = w + 9, 0 = 2*w - j - 2. Let p be m(w). Let g = 136 + p. Calculate the remainder when 20 is divided by g.
4
Let x(m) = 244*m + 10295. Calculate the remainder when x(-40) is divided by 185.
165
Suppose 2*z = -0*z. Suppose 3*p + 0 - 6 = z. Suppose -p*b - 130 = -7*b. What is the remainder when b is divided by 7?
5
Suppose 13*k - 32 = 9*k. Let t = k - 3. Let y = -1 + t. What is the remainder when 14 is divided by y?
2
Let j = -402 - -405. Suppose -j*f = -2*a + 125, 42*f = 4*a + 46*f - 240. What is the remainder when a is divided by 22?
17
Let c(o) be the second derivative of 5*o**3/3 - 11*o**2 + 80*o. What is the remainder